0) a composite number?
True
Suppose -2*h - 50351 = -3*h - 4*s, 4*h - 201365 = -3*s. Is h a prime number?
False
Let k(i) = -10677*i - 724. Is k(-9) a composite number?
False
Let h(k) = -28*k + 29. Suppose -v = -3*v + 8. Suppose -5*x - 2*f = 38, v*x + f = -0*x - 31. Is h(x) prime?
False
Suppose -3*a - 51 = -3*i, -3*a = -7*i + 10*i - 33. Suppose -18809 = -2*g - 4431. Suppose i*n - g - 7357 = 0. Is n prime?
True
Suppose 3*b + 1064 = 2*u - 13366, 0 = 4*b + 5*u + 19217. Let l = 2726 - b. Is l composite?
True
Let z(r) = -28*r + 8*r + 58*r**3 + r**2 + 1 + 8*r + 13*r. Let j be z(-1). Is 1 - (-1 - 0) - j/1 a composite number?
False
Let z = -33429 - -52328. Is z a composite number?
False
Suppose 76*o = 72*o. Suppose 13*x + 11*x - 39624 = o. Is x composite?
True
Suppose -2 = -3*x - 5*s, 0 = 3*s - 3 + 9. Suppose x*m = 0, 2*m - 60345 - 12731 = -4*q. Is q composite?
False
Is (-3)/33 + 6/(-12)*(-18275640)/110 prime?
True
Let o be (-3)/(-27) - 1/(27/(-321)). Suppose -2*m + 8*w = o*w - 2314, 0 = m - 5*w - 1178. Is m composite?
False
Let l(c) = c**3 - c**2 + 2*c + 1055. Suppose 4*p + 1 = -3*t - 0*t, -2*t - 2*p + 2 = 0. Suppose 8*y - 3*b = 3*y - 6, t*b = 10. Is l(y) a prime number?
False
Suppose -j + 8 - 4 = 0. Suppose j*m - 20 = -0. Suppose -3*x + 3*q - 1636 = -5*x, m*q = -5*x + 4090. Is x composite?
True
Let m = -13 - -13. Suppose 21*n - 19*n - 2326 = m. Let h = 2334 - n. Is h prime?
True
Let t = 58683 - -6574. Is t a prime number?
True
Is ((-3891)/(-9))/(21/3717) composite?
True
Let c be (33/(-2) + -1)*8/(-20). Let u(b) = 165*b + 62. Is u(c) a prime number?
True
Let i(k) = 43*k**2 - 9*k + 9. Suppose 9*y + 16 = -20. Let v be (-3 - 3*-2)/(-1) + y. Is i(v) a composite number?
False
Let w be (-3)/(15/2)*(-48630)/2. Suppose 2*r - 6509 = 3*v, -3*r + w = -12*v + 15*v. Is r prime?
False
Let z(x) = 1325*x**2 - 3*x - 7. Is z(4) a composite number?
True
Let q be ((-3)/1)/(7 - (-20)/(-3)). Is ((-3)/q)/(27/671247) a composite number?
False
Let a = -182 - -187. Suppose -4*d + 5231 = -m - 938, a*m + 6157 = 4*d. Is d a composite number?
False
Let o = 284844 - 199305. Is o a composite number?
True
Suppose 41510 = 5*u - 4*x, 41525 = -0*u + 5*u - x. Suppose 0 = -m - a + u, -16617 = -2*m - 7*a + 6*a. Is m a prime number?
True
Is (1252105/(-3580))/(0 + 2/(-8)) a composite number?
False
Suppose 8 = -8*q + 12*q. Let y = -32 + 67. Suppose -v - q*v - 4*h + 65 = 0, 4*v - y = 5*h. Is v composite?
True
Let f(x) = 2689*x - 1830. Is f(67) a composite number?
False
Suppose 4*h + 3076 = 3*j, 4*j - 4*h = 2*j + 2044. Suppose -4*b = 2*m - 0*m - 6, 0 = 3*m + 5*b - 11. Suppose -2111 = -m*v + j. Is v prime?
True
Let d = -62 + 39. Let u = 21 + d. Let l(m) = -189*m + 3. Is l(u) a prime number?
False
Let g(f) = -167*f + 3. Suppose 4*z + 2*p - 28 = 0, 0 = -4*z + 2*p - 14 + 50. Suppose -10*d - 4 = -z*d. Is g(d) a prime number?
True
Let h(i) = 24*i - 29. Let v(a) = 36*a - 44. Let y(j) = 7*h(j) - 5*v(j). Let g be y(9). Let u = -24 - g. Is u composite?
False
Suppose 2*r + 16 = 0, 225*d = 223*d + r + 229402. Is d a prime number?
False
Let o be 2*(-9)/15*200/6. Let t = o + 42. Suppose 0*r - 1335 = -3*i + r, 5*i = -t*r + 2225. Is i prime?
False
Suppose 3*x - 407 = -4*d, -8*x + 12*x - 3*d = 526. Let g(s) = 7*s**3 - 5*s**2 + 7*s - 7. Let n be g(4). Suppose 6*v = x + n. Is v composite?
True
Let u(w) be the third derivative of 83*w**4/3 + 49*w**3/2 + 36*w**2 + 2*w. Is u(19) a composite number?
False
Let n(u) be the first derivative of 77*u**2/2 + 197*u + 261. Is n(10) prime?
True
Let c = -63670 - -101493. Is c composite?
True
Let d = -161 - 213. Let g = 3106 + -1739. Let w = g + d. Is w prime?
False
Suppose 3*y = -531*t + 529*t + 78421, 3*t - 117674 = 4*y. Is t composite?
True
Suppose -3*a = 4*c + 403, 2*a + 510 = -5*c - 3*a. Let p = -23 + c. Let h = 359 - p. Is h a prime number?
True
Let x(m) = 31125*m - 69. Let p be x(2). Let b = -30782 + p. Is b composite?
True
Suppose 65457 = l - 2*b, -2*l = 63*b - 58*b - 130878. Is l prime?
True
Suppose -5*w = 2*l - 1, l + 2 - 4 = -4*w. Let n(c) = -190*c + 234*c + 87*c - 4. Is n(w) a prime number?
True
Let z be (-6)/(-2)*(1 - 0/(-1)). Suppose -52 = -3*q - 5*l, 72 = 3*q + 2*q + l. Suppose -q*s + 737 = -z*s. Is s prime?
True
Let n be (-128)/10*19/(114/(-15)). Suppose -2*h = 2 - 4. Is ((-7952)/n)/(h/(-2)) a prime number?
False
Suppose -o = -4*g + 27, -g + 5*o = 4*g - 30. Let a(w) = -w**3 + 8*w**2 - 5*w - 9. Let p be a(g). Suppose 0 = -p*b + 527 + 138. Is b a prime number?
False
Let f(r) = 4*r**2 - 29*r - 149. Let z be f(-10). Suppose -o - 3 = -2*o. Suppose 2*i = o*i - z. Is i a composite number?
False
Suppose 7579 = -6*q + 17*q. Let w = 3588 - q. Is w prime?
False
Let k = -12 + 35. Suppose 13*b - 55 = k. Suppose -436 + 1558 = b*u. Is u prime?
False
Suppose 20*r - 376111 = 344409. Is r a prime number?
False
Let c(z) = 10*z**2 + z**3 + 30 - 4179*z + 0*z**3 + 4190*z - 11. Let g be 3/6*(5 - -13). Is c(g) composite?
False
Let f be (-2*12/(-8))/(12/32). Suppose 5*w - 2*a - 2 = -f, -a + 3 = 5*w. Suppose w = 2*i - 497 - 321. Is i composite?
False
Let f be ((-12)/(-9))/(2/54 + 0). Suppose f*l - 153661 = -l. Is l composite?
False
Suppose 5*b - 8 = -5*n + 17, 5*n + 2*b = 10. Suppose 5*h = -2*q - n*q + 27033, 40554 = 3*q + 3*h. Is q a composite number?
True
Suppose 53 - 215 = 4*n - 3*k, -45 = n - 3*k. Let d = -44 - n. Let a(x) = -x**3 - 3*x**2 + 4*x - 5. Is a(d) a prime number?
False
Let w = 196 - 185. Let m(i) = -i**3 + 16*i**2 - 8*i - 14. Is m(w) a composite number?
False
Suppose 10 = s - 5*x, -21*s + x = -18*s - 2. Suppose s = -32*k + 42*k - 4690. Is k prime?
False
Suppose -821*v = -820*v - 161107 - 15066. Is v a prime number?
False
Let k(w) be the first derivative of -595*w**4/4 + w + 10. Let r be k(-1). Suppose -r = 3*z - 7*z. Is z prime?
True
Suppose 8250 = 9*g - 3*g. Suppose -873 - g = -4*k. Let o = k + -383. Is o a prime number?
True
Let c = 16034 + -6861. Is c a composite number?
False
Let s(i) be the first derivative of -115*i**4/8 - 16*i**3/3 - 21*i**2/2 - 16. Let z(u) be the second derivative of s(u). Is z(-5) a composite number?
False
Suppose -12*y = -16*y + 16. Suppose -g + 5*s + 1397 = 0, y*g + 5*s - 2779 = 2*g. Let d = g - 529. Is d prime?
True
Suppose -5*h - 9*h + 2482281 = -5*h. Is h composite?
True
Let c be (17/34)/((-2)/(-5052)). Suppose -5*k = 4*v + 2580, 3*v - 2*k + 866 = -1046. Let n = v + c. Is n a prime number?
False
Is 14/10 - (-978176)/10 prime?
False
Is -2 + (5 - 14) - -2820 composite?
True
Let w(g) = g**3 - 4*g**2 - 21*g + 7. Let a be w(7). Suppose 71034 = a*m - 19693. Is m prime?
False
Let d = -875 - -2105. Suppose -2*o + 94 = -d. Is o prime?
False
Let f(k) = 3*k**2 + 10*k + 124. Is f(-59) a composite number?
True
Suppose 0 = g, 3*v - 3*g - 7 = 2*v. Let p(z) = 238*z - 79. Let t(o) = -163*o + 53. Let w(m) = 5*p(m) + 7*t(m). Is w(v) composite?
True
Suppose 63*q + 739497 = 74*q. Is q composite?
True
Let n(x) be the first derivative of 291*x**2/2 - 95*x + 11. Let s(w) = -58*w + 19. Let l(q) = 2*n(q) + 11*s(q). Is l(-10) a prime number?
False
Let x(t) = -16*t + 32385. Let d be x(0). Let m = -17324 + d. Is m composite?
False
Suppose 2*g - q = -3*q + 1810, 2*g - 1810 = -5*q. Let j = g + -615. Suppose 0 = -3*m - 2*x + 657 + j, -4*m - 4*x = -1260. Is m prime?
True
Let c(n) = 7*n**3 + 5*n**2 - 3*n - 1. Let d be c(1). Is 0 + 921 + (d - 8) a prime number?
False
Let p = 1814736 - 1237069. Is p prime?
True
Suppose -5*v - 7*p = -214041, -v + 609*p - 610*p + 42805 = 0. Is v composite?
False
Suppose 72*f = 52*f + 5417180. Is f a composite number?
False
Suppose 15*x - f = 16*x - 5312, -5318 = -x + 2*f. Let o = x + 4693. Is o composite?
False
Let a(d) = d**3 - 2 + 7*d + 108*d**2 - 60*d**2 - 53*d**2. Let w be a(3). Is ((-1)/(5/(-1465)))/w a composite number?
False
Let p(z) = 111*z**2 - 54*z**2 + 107*z**2 - 39*z - 70 - 114. Is p(-5) composite?
False
Is 9/21*(37 + 105810) composite?
True
Let r(n) = 1010*n**2 + 23*n + 119. Is r(-6) a composite number?
False
Let x = 1306 - 1302. Let n(r) be the third derivative of 25*r**4/4 + 31*r**3/6 - r**2. Is n(x) prime?
True
Let z(a) = -a**3 - 66*a**2 + 120*a - 183. Is z(-70) a prime number?
False
Suppose 0 = -134*z + 141*z - 21. Is 22416/7 - (z - (-38)/(-14)) a prime number?
False
Let g(s) = -4260*s - 2329. Is g(-20) composite?
True
Suppo